te n(8).
0
Let r(t) = -t**3 + 37*t**2 + 87*t - 1176. Determine r(5).
59
Let g(z) = z**3 - 155*z**2 + 308*z - 255. What is g(153)?
51
Let d(p) = 3*p**3 - 81*p**2 + 66*p + 326. Calculate d(26).
14
Let n(k) = k**3 + 46*k**2 - 4630*k - 179641. Give n(-36).
-1
Let p(r) = -141*r**2 - 810*r + 4890. Give p(6).
-5046
Let d(z) = -z**3 + 187*z**2 + 1342*z + 1425. What is d(194)?
-1679
Let d(s) = 4*s**3 + 28*s**2 + 12*s + 4. Give d(-11).
-2064
Let d(x) = -32*x**2 - 8993*x - 301. Determine d(-281).
-20
Let l(k) = k**3 + 16*k**2 - 179*k - 27. What is l(-23)?
387
Let r(i) = i**2 + 2532*i + 305271. What is r(-127)?
-164
Let j(u) = 4*u**2 + 2016*u + 11956. What is j(-6)?
4
Let j(d) = 7*d**2 + 62406*d - 124818. Calculate j(2).
22
Let d(x) = -x**3 - 250*x**2 + 9575*x - 23006. Determine d(-284).
-2
Let m(a) = -26*a**2 - 684*a - 16. Give m(-2).
1248
Let w(b) = 3*b**2 + 52*b - 833. Determine w(10).
-13
Let r(l) = -l**3 - 420*l**2 + 2*l + 938. Give r(-420).
98
Let d(v) = -v**2 + 60*v + 373. Calculate d(64).
117
Let o(j) = -3277*j + 7060. What is o(2)?
506
Let o(l) = 330644*l - 2975805. Give o(9).
-9
Let m(s) = -202972*s + 2841610. Determine m(14).
2
Let l(v) = -v**3 + 468*v**2 + 957*v - 9317. What is l(470)?
-1327
Let g(q) = -2*q**3 + 1069*q**2 + 9787*q - 55. What is g(-9)?
-91
Let g(i) = -24638*i - 344494. Give g(-14).
438
Let g(u) = -u**2 - 105*u - 1036. Give g(-58).
1690
Let l(p) = -21*p + 62. Calculate l(59).
-1177
Let h(k) = -415*k - 2192. What is h(-6)?
298
Let s(b) = 6*b**2 + 69*b - 1143. Determine s(-17).
-582
Let m(x) = 449*x + 81918. Determine m(-177).
2445
Let c(p) = -5*p**2 - 329*p + 2238. Calculate c(-72).
6
Let i(s) = 103*s**2 + 225*s + 366. Give i(-2).
328
Let k(q) = -146*q + 16825. Determine k(126).
-1571
Let w(l) = 33*l**3 + 1323*l**2 + 120*l - 243. What is w(-40)?
-243
Let h(k) = k**3 - 117*k**2 - 3729*k - 308. Give h(-26).
-22
Let n(y) = -y**2 - 888*y + 179965. Give n(170).
105
Let f(o) = -8*o**3 - 149*o**2 - 451*o - 95. Determine f(-15).
145
Let r(t) = -828894*t + 5802172. Calculate r(7).
-86
Let p(i) = 3*i**2 + 4*i - 568. What is p(-32)?
2376
Let s(u) = u**3 + 94*u**2 - 264*u - 24661. Determine s(-94).
155
Let d(p) = 1524*p - 47358. Calculate d(32).
1410
Let d(h) = 8110*h + 64797. What is d(-8)?
-83
Let f(p) = -359*p**2 - 4964*p + 44. Calculate f(-14).
-824
Let x(y) = y**3 + 24*y**2 + 131*y - 272. Calculate x(-17).
-476
Let d(l) = -1002*l + 401798. Determine d(401).
-4
Let j(a) = -24176*a + 219286. Determine j(9).
1702
Let q(f) = -64*f + 5150. Calculate q(80).
30
Let u(b) = -192*b**2 + 3794*b + 867. Give u(20).
-53
Let l(y) = -1021*y + 342035. Determine l(335).
0
Let z(c) = 3*c**3 - 12*c**2 - 69*c + 418. What is z(4)?
142
Let q(c) = -547346*c + 6568152. Calculate q(12).
0
Let x(t) = -3*t**2 - 93*t + 532. What is x(-36)?
-8
Let o(f) = 4*f**2 - 3593*f - 14371. Calculate o(-4).
65
Let k(h) = -h**3 - 340*h**2 + 411*h - 93390. Calculate k(-342).
-24
Let v(a) = 2088*a + 45825. What is v(-22)?
-111
Let k(j) = -4*j**3 + 745*j**2 + 306*j + 47679. What is k(187)?
-6
Let s(k) = -413*k + 12792. Determine s(30).
402
Let k(h) = 1337*h + 8517. Give k(-7).
-842
Let o(m) = -m**3 - 2*m**2 - 559*m - 3393. What is o(-6)?
105
Let i(w) = -665*w**2 + 37234*w + 157. Determine i(56).
-179
Let h(s) = s**3 - 24*s**2 + 44*s - 493. What is h(23)?
-10
Let v(j) = -2*j**3 + 120*j**2 + 259*j - 432. Give v(62).
250
Let l(y) = 48*y**2 - 815*y + 7305. Calculate l(9).
3858
Let z(n) = -227*n - 9070. Give z(-47).
1599
Let v(s) = 288721*s - 288723. Calculate v(1).
-2
Let t(z) = -15066*z + 436904. What is t(29)?
-10
Let p(u) = -186468*u - 932341. Determine p(-5).
-1
Let w(t) = 1224*t**3 + 46*t**2 - 60*t + 15. Give w(1).
1225
Let z(v) = 9342*v + 405. What is z(0)?
405
Let h(c) = -c**3 + 67*c**2 + 3626*c - 244308. What is h(63)?
6
Let w(l) = -3*l**3 - 30*l**2 - 349*l - 4889. Calculate w(-13).
1169
Let i(m) = 31*m**2 - 533*m - 3170. Give i(-6).
1144
Let x(v) = -251*v**2 + 9528*v + 373. Calculate x(38).
-7
Let a(l) = -l**2 + 35*l + 721. Calculate a(63).
-1043
Let b(l) = -121*l**2 - 639*l - 3152. Calculate b(-5).
-2982
Let d(a) = -35527*a + 461844. Calculate d(13).
-7
Let u(z) = 10566*z + 137435. Give u(-13).
77
Let w(j) = 2*j**2 - 368*j + 11667. Give w(40).
147
Let j(f) = 164378*f - 1479314. What is j(9)?
88
Let w(u) = -u**3 - 33*u**2 + 171*u - 809. What is w(-38)?
-87
Let p(g) = -g**2 - 25899*g + 285001. Determine p(11).
-9
Let s(r) = 4*r**3 + 31*r**2 + 49*r + 253. Give s(-7).
57
Let a(l) = l**3 - 10*l**2 - 719*l + 6136. Give a(9).
-416
Let r(k) = -k**2 + 493*k - 8902. Determine r(19).
104
Let k(d) = 2*d**2 + 416*d - 5193. Determine k(-220).
87
Let x(u) = 15*u**2 + 235*u + 75. Determine x(-16).
155
Let u(w) = -133*w**2 + 422*w + 27. Calculate u(6).
-2229
Let h(f) = -f**2 + 1575*f + 35156. Determine h(-22).
22
Let n(a) = 2132*a**3 - 5*a**2 - 146*a + 139. What is n(1)?
2120
Let c(s) = -2*s**2 - 5033*s - 337761. Give c(-69).
-6
Let b(r) = -r**3 - 17*r**2 - 60*r - 1050. Calculate b(-18).
354
Let z(d) = -163*d + 435. Determine z(7).
-706
Let p(i) = 2*i**3 + 5*i**2 + 23482*i + 2. What is p(0)?
2
Let t(d) = -2*d**3 + 211*d**2 + 580*d - 4321. What is t(108)?
-1
Let n(t) = -4*t**3 + 1369*t**2 - 336*t - 2054. What is n(342)?
-2
Let v(f) = 164*f**2 + 13895*f + 13897. What is v(-1)?
166
Let x(z) = 8*z**2 + 92*z - 70. Calculate x(-13).
86
Let l(y) = 2*y**3 - 57*y**2 + 19*y + 896. Give l(28).
644
Let c(k) = -6066*k + 18193. What is c(3)?
-5
Let y(b) = b**3 + 13*b**2 + 7*b + 49. Determine y(-11).
214
Let l(z) = 462*z - 26032. What is l(55)?
-622
Let z(g) = 5*g**2 + 277*g + 3332. Calculate z(-38).
26
Let a(z) = 13*z**2 + 7810*z + 23433. What is a(-3)?
120
Let d(n) = -30*n**2 - 1598*n - 15699. Determine d(-13).
5
Let g(p) = p**2 - 2013*p + 187745. Give g(98).
75
Let f(d) = 5*d**2 - 120*d - 628. Give f(-4).
-68
Let a(c) = 790*c**2 - 287557*c - 1087. What is a(364)?
5
Let b(x) = -313*x**3 + 17*x**2 + 10*x - 8. Give b(-1).
312
Let f(k) = 17*k**3 - k**2 - 15440*k - 15440. Give f(-1).
-18
Let p(t) = 2634*t - 305548. Determine p(116).
-4
Let v(k) = -2533*k + 36698. Determine v(14).
1236
Let t(y) = 10*y**2 + 248*y + 637. Calculate t(-25).
687
Let x(t) = -142*t**2 + 84076*t - 7104. What is x(592)?
0
Let d(k) = -k**2 - 326*k - 1593. What is d(-5)?
12
Let d(l) = 16*l**3 + 347*l**2 - 152*l - 918. Calculate d(-22).
6
Let i(x) = -5*x**2 - 872*x + 12756. Calculate i(-188).
-28
Let h(j) = -91*j**3 + 189*j**2 - 1229*j + 2425. What is h(2)?
-5
Let x(y) = -9*y**3 + 141*y**2 + 691*y - 80. Determine x(-4).
-12
Let q(z) = 3*z**3 + 169*z**2 + 47*z - 428. Calculate q(-56).
76
Let w(j) = 51*j**2 + 35*j - 53. Give w(2).
221
Let m(n) = n**3 + 240*n**2 + 840*n + 30584. What is m(-237)?
11
Let a(p) = -p**3 + 5*p**2 + 196*p - 1129. Calculate a(6).
11
Let r(s) = 505*s**2 + 121*s - 7. Calculate r(1).
619
Let c(x) = 29236*x - 204514. Give c(7).
138
Let s(p) = -13478*p - 579548. What is s(-43)?
6
Let w(q) = q**3 + 5*q**2 + 16*q - 92. Calculate w(5).
238
Let x(z) = -z**2 + 2010*z + 38505. Determine x(-19).
-46
Let p(q) = 46010*q - 5199132. Determine p(113).
-2
Let q(t) = -t**2 + 99927*t + 699521. Determine q(-7).
-17
Let x(m) = -m**2 - 116633*m + 583190. What is x(5)?
0
Let z(l) = -4*l**2 - 113*l - 99. Determine z(-27).
36
Let b(u) = 3*u**3 - 45*u**2 - 13*u + 489. Calculate b(11).
-1106
Let q(s) = s**3 - 54*s**2 - 6*s - 2759. Determine q(55).
-64
Let z(d) = 1475*d + 8074. Calculate z(-6).
-776
Let t(u) = -272*u**3 + 12512*u**2 + 7*u - 265. Determine t(46).
57
Let c(o) = 117*o**2 - 5316*o + 10597. Calculate c(2).
433
Let n(s) = -19*s**2 + 259*s - 38. Give n(9).
754
Let j(d) = -9*d**2 - 87*d - 167. What is j(-7)?
1
Let w(r) = r**3 + 525*r**2 - 1058*r - 2109. Give w(-527).
-1
Let v(f) = -8*f**2 + 55*f - 25. Give v(6).
17
Let q(n) = 518*n + 108898. Determine q(-207).
1672
Let f(d) = -d**2 - 59*d - 1080. Determine f(-17).
-366
Let x(y) = 13682*y - 4049818. Calculate x(296).
54
Let y(p) = 120*p**2 - 4438*p - 32. What is y(37)?
42
Let k(n) = -21*n**3 - 9*n**2 - 23*n - 6. What is k(-5)?
2509
Let y(l) = 3*l**3 + 9*l**2 + 89*l + 375. What is y(-4)?
-29
Let l(n) = -3*n**2 - 541*n + 18055. Give l(-210).
-635
Let v(l) = l**3 - 175*l**2 + 997*l + 61. What is v(6)?
-41
Let g(b) = -2159*b + 1975. What is g(1)?
-184
Let l(b) = -67183*b + 134345. Calc